common divisor of 45 and h.
9
Suppose 35 = 3*b + 2*b. Suppose 9 = 4*d - b. Calculate the highest common divisor of 4 and d.
4
Let j = -8 + 12. Let k be j/6 + 56/6. What is the highest common divisor of k and 110?
10
Let u = -12 + 5. Let h be u/14 - (-50)/(-4). Let i be -1*(3 - 2)*h. What is the greatest common divisor of 13 and i?
13
Let q(p) = -p - 1. Let o be q(-7). Calculate the highest common divisor of 4 and o.
2
Suppose 3*t = -20 + 128. Let o = 70 - 46. What is the greatest common factor of t and o?
12
Let o = -19 - -26. Calculate the highest common factor of o and 7.
7
Let a be (144/(-45))/(4/(-70)). Calculate the highest common factor of a and 14.
14
Let p = -60 + 77. What is the greatest common divisor of 119 and p?
17
Suppose -4*q = -0*q - 216. Suppose 32 = 2*y + 4*s, 5*y - 53 = -s + 36. What is the greatest common factor of y and q?
18
Let t(z) = -z**2 - 4*z + 1. Let b be t(-5). Let h = -2 - b. Suppose h*o + 0*o = 24. What is the highest common factor of 4 and o?
4
Let t be ((-6)/18)/(1/(-150)). Suppose 1 = -2*p + 5*b + 3, 4 = 4*p + 5*b. Let s be p + -1 - (-11 - -1). Calculate the greatest common divisor of s and t.
10
Let w be ((-144)/15)/(4/((-60)/3)). What is the highest common factor of w and 3?
3
Let u be (-4)/12 - 74/(-6). Suppose 0 = 2*o - b - 211, 3*o + 5*b - 241 = o. What is the greatest common divisor of o and u?
12
Suppose 2 = 5*v + 7, 3*p = v + 124. Let h = 62 - p. What is the greatest common divisor of 3 and h?
3
Suppose 0 = 16*r - 7031 + 375. What is the greatest common divisor of 13 and r?
13
Suppose -7*j = -4*j - 57. Calculate the highest common factor of 19 and j.
19
Let h be 119 - 1/(2/(-2)). Suppose -3*d + 0*d = -6. Suppose -d*k - 19 + 49 = 0. Calculate the greatest common divisor of k and h.
15
Let c(f) = 0*f + 7 + 4*f - 5 + 0*f. Let q be c(3). Calculate the greatest common divisor of 70 and q.
14
Let v be ((-8)/(-2))/(-4 + 6). Let l be (2 - 16/v)*-22. What is the greatest common factor of l and 12?
12
Suppose -1097*v + 1098*v - 105 = 0. Let k be 13 + 2 + (2 - 2). Calculate the greatest common divisor of k and v.
15
Let a = 136 - 96. Let h(v) = -v**2 + 6*v + 11. Let n be h(5). What is the greatest common divisor of a and n?
8
Let x = -250 + 23. Let l = x + 371. Calculate the highest common divisor of l and 16.
16
Let q = 35 - 8. Let r(x) = 2*x**2 - 10*x + 6. Suppose -5*p - 2*s + 38 = -0*s, -s = -2*p + 8. Let v be r(p). Calculate the greatest common factor of q and v.
9
Suppose p = 4*l + 5*p, 4*p = 2*l - 24. Suppose -6*o + w + 21 = -l*o, -o + 11 = -w. Calculate the greatest common divisor of 80 and o.
10
Let c(f) = -f + 19. Let y be c(6). Suppose -4*z + 41 = -11. Calculate the highest common factor of y and z.
13
Suppose 2*a + 18 = -4*z, -6 = -5*z + 3*a - 1. Let x = 97 - z. Let b = 8 + 3. What is the greatest common divisor of x and b?
11
Suppose -2*b + 6 = -0*b. Suppose 2*c - 3*c + 5*o = -38, -b*c - 4*o + 114 = 0. Calculate the highest common factor of c and 57.
19
Let z(a) = 39*a - 1. Let x be z(1). Suppose -3*p = -d + 83, 4*p - 2*p = 5*d - 467. What is the greatest common factor of x and d?
19
Suppose 4*g - 67 = 53. Suppose 2*k + 5*x = 45, -k + 21 = x + x. What is the highest common factor of g and k?
15
Let b = -37 + 109. Let t = -14 + 22. Calculate the highest common factor of t and b.
8
Suppose 0 = -2*b + 103 + 135. Let w(q) = 7*q**2 - q + q**3 + 0 + 5 - 3*q - 2*q**3. Let y be w(6). Calculate the greatest common divisor of b and y.
17
Let x be -2*2/((-8)/6). What is the highest common divisor of 24 and x?
3
Let j(k) = k**3 - 8*k**2 - 5*k + 12. Let l be j(8). Let q = -14 - l. Let s = 137 + -39. Calculate the highest common factor of q and s.
14
Let n(p) = -p + 1. Let b be n(-4). Suppose 5*g - 4*x - 103 = 266, -3*g - x = -218. Suppose 27 + g = 4*u. Calculate the greatest common divisor of u and b.
5
Let h = 47 - 30. Calculate the highest common factor of 17 and h.
17
Let j(c) = c**3 - 11*c**2 + 11*c + 2. Let d be j(10). Calculate the highest common factor of d and 4.
4
Let g(z) = z**2 + z - 1. Let v be g(0). Let b be (2 - v) + 3 - 3. Calculate the highest common factor of b and 3.
3
Let n be 2/(-4)*-1*46. Let b be (36/(-45))/(4/(-10)). Let l be b/1*92/8. Calculate the greatest common divisor of n and l.
23
Let u = 262 + -145. What is the greatest common factor of u and 9?
9
Let j(v) = v + 2. Let x be j(3). Let z be (3 - (x + -3)) + 2. Suppose 13 = -5*c + 58. What is the greatest common factor of z and c?
3
Let a be (-1 - (-1)/1) + 41 + -5. What is the highest common divisor of 4 and a?
4
Suppose -5*r + 7*w + 120 = 4*w, 3*r + w - 86 = 0. Calculate the greatest common factor of 18 and r.
9
Let f(u) = -18*u + 4. Let g be f(-5). Suppose -74 = -3*r + g. What is the highest common factor of 14 and r?
14
Let o = 109 + -107. What is the greatest common divisor of 26 and o?
2
Let s(k) = -k**2 + 12*k - 6. Let b be s(11). What is the greatest common divisor of b and 1?
1
Let k(b) = b**2 + 2*b - 4. Let h be k(-6). Let m be 6 - 0/((-2)/1). Suppose 2*v - 314 = m. Calculate the highest common divisor of v and h.
20
Let b be 1/(-20)*-4 - 7970/(-25). Calculate the greatest common divisor of b and 29.
29
Let m(t) = -4*t - 1. Let c be m(-3). Let j(z) = -4 + 2*z**2 + 11 - z - 7*z + z. Let u be j(5). What is the highest common factor of c and u?
11
Suppose -4*x + 33 + 55 = -2*n, -36 = -x - 3*n. Calculate the highest common divisor of 168 and x.
24
Suppose 111 = 3*p + 2*w, -3*w + 3 = 3*p - 105. Suppose -4*a + 3*a = -13. Calculate the greatest common divisor of p and a.
13
Suppose -2*s - 91 = 5. Let o = 88 + s. Suppose -3*h = -h - o. What is the highest common factor of 50 and h?
10
Suppose 260 = -3*d + 8*d + 4*z, d + 2*z = 58. Calculate the greatest common divisor of d and 12.
12
Suppose -37*f + 40*f = 567. Calculate the highest common factor of 21 and f.
21
Let z = -37 - -45. Calculate the greatest common divisor of z and 96.
8
Let l(z) be the third derivative of z**5/30 + z**4/24 + 11*z**2. Let w be l(4). Calculate the greatest common divisor of 90 and w.
18
Let c be (-4)/8*(-95 + 1) + -3. What is the greatest common factor of 66 and c?
22
Let d(v) = v**3 + 17*v**2 - 7*v + 24. Let q be d(-17). Calculate the greatest common factor of q and 13.
13
Let u be 8/(-10)*(0 - -5). Let o = u - -17. What is the greatest common divisor of 91 and o?
13
Let o = -16 - -21. Calculate the greatest common factor of 1 and o.
1
Suppose 44 = 5*x - 4*m, 4 - 2 = -2*m. Suppose 252 = -l - 2*l. Let g = l + 140. Calculate the greatest common factor of g and x.
8
Let r be (1*2)/((-22)/(-44)). Calculate the highest common divisor of 12 and r.
4
Let j = 124 - 84. Let o(t) = -t**2 + 7*t + 2. Let z be o(6). What is the greatest common divisor of z and j?
8
Let x = 18 + -8. Let n be (-2)/5 - (-354)/x. Suppose 33 - 12 = 3*p. Calculate the greatest common factor of n and p.
7
Suppose -25*i = -21*i - 140. What is the highest common factor of 21 and i?
7
Suppose -m + 13 = 2. Let x(r) = 115*r + 1. Let l be x(2). Suppose 4*a - l = a. What is the greatest common factor of m and a?
11
Suppose 0 = -3*r - 29 + 569. What is the greatest common divisor of r and 18?
18
Let t = -12 + 41. What is the greatest common factor of 261 and t?
29
Suppose -d + 4*f = 2*d - 31, 3*d - 27 = 3*f. Suppose -10 = -d*o, -3*j = -2*o - 433 - 157. Calculate the greatest common factor of j and 18.
18
Let y be (-4)/(-3) - (-1288)/24. What is the greatest common factor of 11 and y?
11
Suppose -2 = -g, 5*g + 121 + 39 = d. What is the greatest common divisor of d and 10?
10
Suppose -9*x + 4*x + 70 = 0. Suppose 2*j - x = j. Let n(d) = 2*d**2 + d - 1. Let u be n(1). What is the greatest common factor of j and u?
2
Let i be (7 - 0)*44/42*3. What is the greatest common divisor of i and 198?
22
Let o be ((-300)/35)/(3/(-28)). Calculate the greatest common divisor of o and 48.
16
Let w(p) = 2*p**3 - p**2 + 3*p - 3. Let i be w(2). What is the highest common divisor of i and 150?
15
Suppose -6*m - 3 = -3*m. Let t = m - -3. Suppose -t = -0*y - y. Calculate the highest common factor of y and 4.
2
Suppose 0 = 19*g - 14*g - 100. What is the highest common factor of 50 and g?
10
Suppose -2*w = -j - 2, 13 = -2*w + 5*j - 1. Suppose -w*b - 3*m + 13 + 68 = 0, -5*b = -3*m - 95. Calculate the greatest common diviso